ded by 11.
9
Let p = -60 - -104. Let l = 15 - 0. Calculate the remainder when p is divided by l.
14
Suppose -4*h - 2*k + k + 135 = 0, -2*k - 70 = -2*h. Calculate the remainder when 130 is divided by h.
28
Let o(i) = 5*i**2 - 2*i - 1. Let v be o(-1). Suppose 2*m - v*m + 3*t + 37 = 0, -29 = -3*m + t. Calculate the remainder when 29 is divided by m.
9
Suppose 40 = 5*i - r + 4, 3*i - 3*r - 12 = 0. What is the remainder when 14 is divided by i?
6
Let t(f) be the second derivative of -f**5/4 - f**4/4 + f**2/2 - 4*f. What is the remainder when t(-2) is divided by 8?
5
Let n be 0 - 9*3/1. Let u = 11 + -2. What is the remainder when (1/(-1))/1 - n is divided by u?
8
Let s = -49 - -155. Suppose -3*h + j = -2*h - 26, h = -4*j + 31. What is the remainder when s is divided by h?
25
Calculate the remainder when 28 is divided by (90/12)/(1/2).
13
Let o(y) = 10*y**2 - y. Suppose 0 = 4*j - 3*f + 45, -f - 10 = -3*j - 50. Let t = j - -35. What is the remainder when t is divided by o(-1)?
9
Let z(s) = -5*s - 2. Suppose -73 = -2*t + 23. Suppose -n - n = -t. Calculate the remainder when n is divided by z(-3).
11
Suppose 0 = 4*i - 9*i + x + 87, i - 11 = -3*x. What is the remainder when 150 is divided by i?
14
Let u = 12 - -3. Calculate the remainder when 27 is divided by u.
12
Let s(q) = q**2 + 4. Calculate the remainder when 25 is divided by s(3).
12
Let z be ((-8)/10)/(2/(-70)). Suppose 4*t + z = 8*t. What is the remainder when 27 is divided by t?
6
Let q = -197 - -202. Calculate the remainder when 29 is divided by q.
4
Suppose -4*a + o + 64 = -3*o, 0 = -a - o + 24. What is the remainder when 72 is divided by a?
12
Let u be 25/9 - (-20)/90. Let a = -2 + 4. Suppose r = u + a. Calculate the remainder when r is divided by 3.
2
Let x(w) = -3*w - 3. Suppose 0 = 3*a - 5*d - 46, 3*d = d - 10. Let m = a + -11. Calculate the remainder when 35 is divided by x(m).
8
Let m(v) = v**2 - 11*v - 3. Let a be m(11). Suppose 4*l = 20, -3*l = 5*t - l - 215. Calculate the remainder when t is divided by 2 - (-14 + (-6)/a).
13
Let i = -35 + 67. Calculate the remainder when i is divided by 9.
5
Let z(t) = -t**2 + 3*t - 4. Let m be z(3). Let p = m + 6. What is the remainder when 6 is divided by p?
0
Let d be 14/8*(-12)/(-3). Let k = 11 - d. Suppose 3*r + 23 = -2*o + 3*o, -4*r - 68 = -k*o. What is the remainder when o is divided by 8?
6
Suppose 10*i - 622 = -212. Calculate the remainder when i is divided by 15.
11
Suppose 0 = 4*b - 8. Let o = b - -6. Calculate the remainder when 29 is divided by o.
5
Let a(l) = 4*l**2 - 3*l + 1. Suppose b - 9 = -2*b. Suppose 5*s + b = 23. What is the remainder when a(2) is divided by s?
3
Let i = 6 - 8. Let v = 21 + i. Calculate the remainder when 35 is divided by v.
16
Suppose 3*x - 1 = j - 3, 4*j + 8 = 4*x. Let z = 2 - x. Suppose -27 = -z*f + 61. Calculate the remainder when f is divided by 12.
10
Let f be (-127)/(-5) + (-4)/10. Let x = 18 - f. Let u = 12 + x. What is the remainder when u is divided by 3?
2
Suppose -t = -w + 6*w - 16, 3*t = -w + 6. Suppose -44 = -w*q - q. Calculate the remainder when q is divided by 4.
3
Suppose 0 = 8*c - 37 - 43. What is the remainder when 34 is divided by c?
4
Suppose 0*s - 2*s = 4*g - 146, g + 191 = 3*s. Calculate the remainder when s is divided by 17.
14
Let f(d) = 92*d**2 - d + 1. Let b be f(1). Suppose 0*j = j + b. Let w = -53 - j. What is the remainder when w is divided by 14?
11
Suppose 3*d = 0, -24 = -x + d - 3*d. Let i(f) = -10*f. What is the remainder when i(-7) is divided by x?
22
Let h = -4 - -6. Suppose 3 = -l + 1. Calculate the remainder when (-12 - l)/((-1)/h) is divided by 7.
6
Suppose -5*r - 8 = -23. Suppose r*q = -0*u + u + 103, -3*u = 5*q - 153. Calculate the remainder when q is divided by 18.
15
Let h be (-27)/(-5) - 8/20. Calculate the remainder when (h + -2)/(-3) + 12 is divided by 7.
4
Let a = -254 - -392. Suppose -a = -4*f + f. Calculate the remainder when f is divided by 16.
14
Let f be (6/(-5))/((-5)/(-25)). Suppose -5*m - 66 = -286. Calculate the remainder when m is divided by 282/18 - (-4)/f.
14
Let s = 8 + -1. Calculate the remainder when 17 is divided by s.
3
Let m(x) = x**2 - 5*x - 3. Calculate the remainder when 43 is divided by m(7).
10
Let h = -97 - -291. Suppose -2*l + 587 = 5*b, 2*b - 44 = -4*l + h. Calculate the remainder when b is divided by 30.
27
What is the remainder when -9*148/6*-1 is divided by 28?
26
Let m = 21 + -10. Calculate the remainder when 109 is divided by m.
10
Let c(y) = 2*y**2 - 6*y - 16. Let m be (-14 - -17) + (-6)/(-2). Suppose -3*q + 2*d + 1 = -38, 0 = -5*d - 15. Calculate the remainder when c(m) is divided by q.
9
Suppose -5*t - 4*a + 114 = -39, 102 = 3*t - a. What is the remainder when t is divided by 9?
6
Let l(m) = -5*m - 5. Let k be l(-2). Suppose 3*i - 51 = -w - 4, k*w - 5*i = 135. What is the remainder when 61 is divided by w?
29
Let a(r) = -20*r + 46. What is the remainder when a(0) is divided by 6?
4
Let j = -56 - -110. Suppose 0 = -3*m + 9, 1 + 81 = 4*f + 2*m. What is the remainder when j is divided by f?
16
Suppose -55 = 19*k - 20*k. Calculate the remainder when k is divided by 14.
13
What is the remainder when -1*(100/3)/((-7)/21) is divided by 26?
22
Let b(z) = -z**3 + 9*z**2 - 13*z + 12. What is the remainder when 184 is divided by b(5)?
43
Suppose 3*j = 4*j - 6. Suppose 4*i = j*i - 30. Calculate the remainder when 57 is divided by i.
12
Let l(n) = -n**2 + 9*n + 6. Let w be l(5). Let a be 522/14 - (-8)/(-28). Let q = a - w. What is the remainder when 21 is divided by q?
10
Suppose -5*f = 32 - 112. Suppose -h + 30 = 2*h. Calculate the remainder when 4/(-10) + 304/h is divided by f.
14
Let t(u) = 5*u + 1. Let b be t(-1). What is the remainder when 14 is divided by -6*(-1)/((-3)/b)?
6
Let y(q) = 8*q - 3. Let c be y(-3). Let k = c + 10. Let r = k - -27. Calculate the remainder when 29 is divided by r.
9
Let i(w) = -w**2 - 5*w + 2. What is the remainder when (15/(9/3))/1 is divided by i(-5)?
1
Suppose -2*t - 5*q = -7*t + 65, -5 = 5*q. Calculate the remainder when 46 is divided by t.
10
Let a = -10 - -16. Let j be (2*1)/(a/(-9)). Let c(h) = -5*h - 2. What is the remainder when c(j) is divided by 7?
6
Let a(k) = k**3 + k + 14. Let l(o) = -o**3 - 5*o**2 - o - 5. Let m be l(-5). Calculate the remainder when 53 is divided by a(m).
11
Suppose -3*d = -5*s - 10, 32 = -3*d + 7*d - 2*s. What is the remainder when 38 is divided by d?
8
Let d(g) be the second derivative of -7*g**3/6 - 3*g**2/2 - 2*g. Let o(h) = 3*h**3 + 2*h**2 - 2*h + 3. Calculate the remainder when o(2) is divided by d(-2).
9
Suppose -w + 25 = 5*z, -4*w + 7*z = 2*z + 25. Let p be w - ((0 - -2) + 3). Calculate the remainder when 67 is divided by (p - -3 - 0) + 25.
21
Let o(r) = r**2 + 6*r. Let i be o(-6). Suppose 3*u - s = 15, i*s + 15 = 3*u + 4*s. What is the remainder when 19 is divided by u?
4
Suppose -15 = -3*r, -2*r + 12 = 3*k - 4. What is the remainder when (-2 - (-90)/k) + -2 is divided by 21?
20
Calculate the remainder when (-9)/(-24) + 293/8 is divided by 21.
16
Suppose -2*m = -f - 3*f, 0 = 5*m + f. Suppose -10 = 2*l + 4*t - m*t, -3*t - 14 = -5*l. Calculate the remainder when 25 is divided by (l/(-2))/((-4)/72).
7
Let x = 73 - 63. Let n(z) = -2*z - 1. What is the remainder when x is divided by n(-2)?
1
Suppose 5*y - x - 177 - 55 = 0, 5*x = 5*y - 220. Calculate the remainder when y is divided by 16.
15
Let s be (-2 - 1)*13/(-3). Suppose y + 0*y = s. What is the remainder when y is divided by 7?
6
Suppose -8*d = -10*d + 32. Calculate the remainder when 46 is divided by d.
14
Let l be 4*(10/(-4) - -3). Suppose 0 = -2*y - l - 10. Calculate the remainder when 3 is divided by 2/y*0 + 3.
0
Let n = -25 - -48. Let x = -76 - -120. Calculate the remainder when x is divided by n.
21
Let a(c) = -c**3 + 7*c**2 - c - 4. Let k be a(7). Let i(t) = t**2 + 11*t + 6. What is the remainder when 15 is divided by i(k)?
3
Suppose s = -4*s + 585. Suppose 2*v - s = -i - 4*i, -245 = -5*v - 3*i. What is the remainder when v is divided by 16?
14
Let a(g) = g**2 - 4*g + 1. Calculate the remainder when 1 is divided by a(4).
0
Let p(d) = -4*d**2 + 3 + 5*d**2 - 2*d**2. Let k be p(0). Suppose 59 = 2*l - k*h, -5*l + 69 = -3*h - 92. Calculate the remainder when l is divided by 12.
10
Let u(i) = i**3 - 4*i**2 + 3*i - 6. 